{"id":6252,"date":"2022-06-22T12:53:29","date_gmt":"2022-06-22T10:53:29","guid":{"rendered":"https:\/\/dynamoworkspace.dk\/program\/its-winter-the-sky-is-blue\/"},"modified":"2025-04-30T14:44:44","modified_gmt":"2025-04-30T12:44:44","slug":"its-winter-the-sky-is-blue","status":"publish","type":"program","link":"https:\/\/dynamoworkspace.dk\/en\/program\/its-winter-the-sky-is-blue\/","title":{"rendered":"It&#8217;s winter, the sky is blue"},"content":{"rendered":"\n<p><strong>WORK IN PROGRESS<\/strong><\/p>\n\n\n\n<p>A duet about loss, sensitivity and peaceful grief.<\/p>\n\n\n\n<p>A tale of people in a postmodern world trying to talk about the connections and emotions under one roof.<\/p>\n\n\n\n<figure class=\"wp-block-embed is-type-video is-provider-youtube wp-block-embed-youtube wp-embed-aspect-16-9 wp-has-aspect-ratio\"><div class=\"wp-block-embed__wrapper\">\n<iframe title=\"C&#039;est l&#039;Hiver, le Ciel est Bleu - Teaser de production 2021\" width=\"800\" height=\"450\" src=\"https:\/\/www.youtube.com\/embed\/CLtM8tix8a8?feature=oembed\" frameborder=\"0\" allow=\"accelerometer; autoplay; clipboard-write; encrypted-media; gyroscope; picture-in-picture; web-share\" referrerpolicy=\"strict-origin-when-cross-origin\" allowfullscreen><\/iframe>\n<\/div><\/figure>\n\n\n\n<p>VARIGHED 60 min. D\u00f8rene \u00e5bner en time f\u00f8r forestillingen. Kom i god tid og nyd en drink i vores bar.<br>ALDER fra 13 \u00e5r <br>BILLET Gratis eller betal 50 kr for oplevelsen og st\u00f8t DYNAMO.<\/p>\n","protected":false},"featured_media":6250,"template":"","programtype":[13],"programstatus":[101],"credits":[],"class_list":["post-6252","program","type-program","status-publish","has-post-thumbnail","hentry","programtype-contemporary-circus","programstatus-work-in-progress-praesentation-en"],"acf":[],"yoast_head":"<!-- This site is optimized with the Yoast SEO plugin v26.3 - https:\/\/yoast.com\/wordpress\/plugins\/seo\/ -->\n<title>It&#039;s winter, the sky is blue - Dynamo<\/title>\n<meta name=\"robots\" content=\"index, follow, max-snippet:-1, max-image-preview:large, max-video-preview:-1\" \/>\n<link rel=\"canonical\" href=\"https:\/\/dynamoworkspace.dk\/en\/program\/its-winter-the-sky-is-blue\/\" \/>\n<meta property=\"og:locale\" content=\"en_US\" \/>\n<meta property=\"og:type\" content=\"article\" \/>\n<meta property=\"og:title\" content=\"It&#039;s winter, the sky is blue - Dynamo\" \/>\n<meta property=\"og:description\" content=\"WORK IN PROGRESS A duet about loss, sensitivity and peaceful grief. A tale of people in a postmodern world trying to talk about the connections and emotions under one roof. VARIGHED 60 min. D\u00f8rene \u00e5bner en time f\u00f8r forestillingen. Kom i god tid og nyd en drink i vores bar.ALDER fra 13 \u00e5r BILLET Gratis [&hellip;]\" \/>\n<meta property=\"og:url\" content=\"https:\/\/dynamoworkspace.dk\/en\/program\/its-winter-the-sky-is-blue\/\" \/>\n<meta property=\"og:site_name\" content=\"Dynamo\" \/>\n<meta property=\"article:modified_time\" content=\"2025-04-30T12:44:44+00:00\" \/>\n<meta property=\"og:image\" content=\"https:\/\/dynamoworkspace.dk\/wp-content\/uploads\/2022\/06\/Diagonale-du-Vide--1024x576.png\" \/>\n\t<meta property=\"og:image:width\" content=\"1024\" \/>\n\t<meta property=\"og:image:height\" content=\"576\" \/>\n\t<meta property=\"og:image:type\" content=\"image\/png\" \/>\n<meta name=\"twitter:card\" content=\"summary_large_image\" \/>\n<script type=\"application\/ld+json\" class=\"yoast-schema-graph\">{\"@context\":\"https:\/\/schema.org\",\"@graph\":[{\"@type\":\"WebPage\",\"@id\":\"https:\/\/dynamoworkspace.dk\/en\/program\/its-winter-the-sky-is-blue\/\",\"url\":\"https:\/\/dynamoworkspace.dk\/en\/program\/its-winter-the-sky-is-blue\/\",\"name\":\"It's winter, the sky is blue - Dynamo\",\"isPartOf\":{\"@id\":\"https:\/\/dynamoworkspace.dk\/#website\"},\"primaryImageOfPage\":{\"@id\":\"https:\/\/dynamoworkspace.dk\/en\/program\/its-winter-the-sky-is-blue\/#primaryimage\"},\"image\":{\"@id\":\"https:\/\/dynamoworkspace.dk\/en\/program\/its-winter-the-sky-is-blue\/#primaryimage\"},\"thumbnailUrl\":\"https:\/\/dynamoworkspace.dk\/wp-content\/uploads\/2022\/06\/Diagonale-du-Vide-.png\",\"datePublished\":\"2022-06-22T10:53:29+00:00\",\"dateModified\":\"2025-04-30T12:44:44+00:00\",\"breadcrumb\":{\"@id\":\"https:\/\/dynamoworkspace.dk\/en\/program\/its-winter-the-sky-is-blue\/#breadcrumb\"},\"inLanguage\":\"en-US\",\"potentialAction\":[{\"@type\":\"ReadAction\",\"target\":[\"https:\/\/dynamoworkspace.dk\/en\/program\/its-winter-the-sky-is-blue\/\"]}]},{\"@type\":\"ImageObject\",\"inLanguage\":\"en-US\",\"@id\":\"https:\/\/dynamoworkspace.dk\/en\/program\/its-winter-the-sky-is-blue\/#primaryimage\",\"url\":\"https:\/\/dynamoworkspace.dk\/wp-content\/uploads\/2022\/06\/Diagonale-du-Vide-.png\",\"contentUrl\":\"https:\/\/dynamoworkspace.dk\/wp-content\/uploads\/2022\/06\/Diagonale-du-Vide-.png\",\"width\":4096,\"height\":2304,\"caption\":\"Foto: Samuel Brien\"},{\"@type\":\"BreadcrumbList\",\"@id\":\"https:\/\/dynamoworkspace.dk\/en\/program\/its-winter-the-sky-is-blue\/#breadcrumb\",\"itemListElement\":[{\"@type\":\"ListItem\",\"position\":1,\"name\":\"Hjem\",\"item\":\"https:\/\/dynamoworkspace.dk\/en\/\"},{\"@type\":\"ListItem\",\"position\":2,\"name\":\"Program\",\"item\":\"https:\/\/dynamoworkspace.dk\/program\/\"},{\"@type\":\"ListItem\",\"position\":3,\"name\":\"It&#8217;s winter, the sky is blue\"}]},{\"@type\":\"WebSite\",\"@id\":\"https:\/\/dynamoworkspace.dk\/#website\",\"url\":\"https:\/\/dynamoworkspace.dk\/\",\"name\":\"Dynamo\",\"description\":\"Scene og arbejdsrum for cirkus\",\"publisher\":{\"@id\":\"https:\/\/dynamoworkspace.dk\/#organization\"},\"potentialAction\":[{\"@type\":\"SearchAction\",\"target\":{\"@type\":\"EntryPoint\",\"urlTemplate\":\"https:\/\/dynamoworkspace.dk\/?s={search_term_string}\"},\"query-input\":{\"@type\":\"PropertyValueSpecification\",\"valueRequired\":true,\"valueName\":\"search_term_string\"}}],\"inLanguage\":\"en-US\"},{\"@type\":\"Organization\",\"@id\":\"https:\/\/dynamoworkspace.dk\/#organization\",\"name\":\"Dynamo\",\"url\":\"https:\/\/dynamoworkspace.dk\/\",\"logo\":{\"@type\":\"ImageObject\",\"inLanguage\":\"en-US\",\"@id\":\"https:\/\/dynamoworkspace.dk\/#\/schema\/logo\/image\/\",\"url\":\"https:\/\/dynamoworkspace.dk\/wp-content\/uploads\/2025\/04\/DYNAMO_LOGO_RGB_SORT.svg\",\"contentUrl\":\"https:\/\/dynamoworkspace.dk\/wp-content\/uploads\/2025\/04\/DYNAMO_LOGO_RGB_SORT.svg\",\"caption\":\"Dynamo\"},\"image\":{\"@id\":\"https:\/\/dynamoworkspace.dk\/#\/schema\/logo\/image\/\"}}]}<\/script>\n<!-- \/ Yoast SEO plugin. -->","yoast_head_json":{"title":"It's winter, the sky is blue - Dynamo","robots":{"index":"index","follow":"follow","max-snippet":"max-snippet:-1","max-image-preview":"max-image-preview:large","max-video-preview":"max-video-preview:-1"},"canonical":"https:\/\/dynamoworkspace.dk\/en\/program\/its-winter-the-sky-is-blue\/","og_locale":"en_US","og_type":"article","og_title":"It's winter, the sky is blue - Dynamo","og_description":"WORK IN PROGRESS A duet about loss, sensitivity and peaceful grief. A tale of people in a postmodern world trying to talk about the connections and emotions under one roof. VARIGHED 60 min. D\u00f8rene \u00e5bner en time f\u00f8r forestillingen. Kom i god tid og nyd en drink i vores bar.ALDER fra 13 \u00e5r BILLET Gratis [&hellip;]","og_url":"https:\/\/dynamoworkspace.dk\/en\/program\/its-winter-the-sky-is-blue\/","og_site_name":"Dynamo","article_modified_time":"2025-04-30T12:44:44+00:00","og_image":[{"width":1024,"height":576,"url":"https:\/\/dynamoworkspace.dk\/wp-content\/uploads\/2022\/06\/Diagonale-du-Vide--1024x576.png","type":"image\/png"}],"twitter_card":"summary_large_image","schema":{"@context":"https:\/\/schema.org","@graph":[{"@type":"WebPage","@id":"https:\/\/dynamoworkspace.dk\/en\/program\/its-winter-the-sky-is-blue\/","url":"https:\/\/dynamoworkspace.dk\/en\/program\/its-winter-the-sky-is-blue\/","name":"It's winter, the sky is blue - Dynamo","isPartOf":{"@id":"https:\/\/dynamoworkspace.dk\/#website"},"primaryImageOfPage":{"@id":"https:\/\/dynamoworkspace.dk\/en\/program\/its-winter-the-sky-is-blue\/#primaryimage"},"image":{"@id":"https:\/\/dynamoworkspace.dk\/en\/program\/its-winter-the-sky-is-blue\/#primaryimage"},"thumbnailUrl":"https:\/\/dynamoworkspace.dk\/wp-content\/uploads\/2022\/06\/Diagonale-du-Vide-.png","datePublished":"2022-06-22T10:53:29+00:00","dateModified":"2025-04-30T12:44:44+00:00","breadcrumb":{"@id":"https:\/\/dynamoworkspace.dk\/en\/program\/its-winter-the-sky-is-blue\/#breadcrumb"},"inLanguage":"en-US","potentialAction":[{"@type":"ReadAction","target":["https:\/\/dynamoworkspace.dk\/en\/program\/its-winter-the-sky-is-blue\/"]}]},{"@type":"ImageObject","inLanguage":"en-US","@id":"https:\/\/dynamoworkspace.dk\/en\/program\/its-winter-the-sky-is-blue\/#primaryimage","url":"https:\/\/dynamoworkspace.dk\/wp-content\/uploads\/2022\/06\/Diagonale-du-Vide-.png","contentUrl":"https:\/\/dynamoworkspace.dk\/wp-content\/uploads\/2022\/06\/Diagonale-du-Vide-.png","width":4096,"height":2304,"caption":"Foto: Samuel Brien"},{"@type":"BreadcrumbList","@id":"https:\/\/dynamoworkspace.dk\/en\/program\/its-winter-the-sky-is-blue\/#breadcrumb","itemListElement":[{"@type":"ListItem","position":1,"name":"Hjem","item":"https:\/\/dynamoworkspace.dk\/en\/"},{"@type":"ListItem","position":2,"name":"Program","item":"https:\/\/dynamoworkspace.dk\/program\/"},{"@type":"ListItem","position":3,"name":"It&#8217;s winter, the sky is blue"}]},{"@type":"WebSite","@id":"https:\/\/dynamoworkspace.dk\/#website","url":"https:\/\/dynamoworkspace.dk\/","name":"Dynamo","description":"Scene og arbejdsrum for cirkus","publisher":{"@id":"https:\/\/dynamoworkspace.dk\/#organization"},"potentialAction":[{"@type":"SearchAction","target":{"@type":"EntryPoint","urlTemplate":"https:\/\/dynamoworkspace.dk\/?s={search_term_string}"},"query-input":{"@type":"PropertyValueSpecification","valueRequired":true,"valueName":"search_term_string"}}],"inLanguage":"en-US"},{"@type":"Organization","@id":"https:\/\/dynamoworkspace.dk\/#organization","name":"Dynamo","url":"https:\/\/dynamoworkspace.dk\/","logo":{"@type":"ImageObject","inLanguage":"en-US","@id":"https:\/\/dynamoworkspace.dk\/#\/schema\/logo\/image\/","url":"https:\/\/dynamoworkspace.dk\/wp-content\/uploads\/2025\/04\/DYNAMO_LOGO_RGB_SORT.svg","contentUrl":"https:\/\/dynamoworkspace.dk\/wp-content\/uploads\/2025\/04\/DYNAMO_LOGO_RGB_SORT.svg","caption":"Dynamo"},"image":{"@id":"https:\/\/dynamoworkspace.dk\/#\/schema\/logo\/image\/"}}]}},"_links":{"self":[{"href":"https:\/\/dynamoworkspace.dk\/en\/wp-json\/wp\/v2\/program\/6252","targetHints":{"allow":["GET"]}}],"collection":[{"href":"https:\/\/dynamoworkspace.dk\/en\/wp-json\/wp\/v2\/program"}],"about":[{"href":"https:\/\/dynamoworkspace.dk\/en\/wp-json\/wp\/v2\/types\/program"}],"wp:featuredmedia":[{"embeddable":true,"href":"https:\/\/dynamoworkspace.dk\/en\/wp-json\/wp\/v2\/media\/6250"}],"wp:attachment":[{"href":"https:\/\/dynamoworkspace.dk\/en\/wp-json\/wp\/v2\/media?parent=6252"}],"wp:term":[{"taxonomy":"programtype","embeddable":true,"href":"https:\/\/dynamoworkspace.dk\/en\/wp-json\/wp\/v2\/programtype?post=6252"},{"taxonomy":"programstatus","embeddable":true,"href":"https:\/\/dynamoworkspace.dk\/en\/wp-json\/wp\/v2\/programstatus?post=6252"},{"taxonomy":"credits","embeddable":true,"href":"https:\/\/dynamoworkspace.dk\/en\/wp-json\/wp\/v2\/credits?post=6252"}],"curies":[{"name":"wp","href":"https:\/\/api.w.org\/{rel}","templated":true}]}}

<p><strong>WORK IN PROGRESS</strong></p>



<p>A duet about loss, sensitivity and peaceful grief.</p>



<p>A tale of people in a postmodern world trying to talk about the connections and emotions under one roof.</p>



<figure class="wp-block-embed is-type-video is-provider-youtube wp-block-embed-youtube wp-embed-aspect-16-9 wp-has-aspect-ratio"><div class="wp-block-embed__wrapper">
<iframe title="C&#039;est l&#039;Hiver, le Ciel est Bleu - Teaser de production 2021" width="800" height="450" src="https://www.youtube.com/embed/CLtM8tix8a8?feature=oembed" frameborder="0" allow="accelerometer; autoplay; clipboard-write; encrypted-media; gyroscope; picture-in-picture; web-share" referrerpolicy="strict-origin-when-cross-origin" allowfullscreen></iframe>
</div></figure>



<p>VARIGHED 60 min. Dørene åbner en time før forestillingen. Kom i god tid og nyd en drink i vores bar.<br>ALDER fra 13 år <br>BILLET Gratis eller betal 50 kr for oplevelsen og støt DYNAMO.</p>

<!-- This site is optimized with the Yoast SEO plugin v26.3 - https://yoast.com/wordpress/plugins/seo/ -->
<title>It&#039;s winter, the sky is blue - Dynamo</title>
<meta name="robots" content="index, follow, max-snippet:-1, max-image-preview:large, max-video-preview:-1" />
<link rel="canonical" href="https://dynamoworkspace.dk/en/program/its-winter-the-sky-is-blue/" />
<meta property="og:locale" content="en_US" />
<meta property="og:type" content="article" />
<meta property="og:title" content="It&#039;s winter, the sky is blue - Dynamo" />
<meta property="og:description" content="WORK IN PROGRESS A duet about loss, sensitivity and peaceful grief. A tale of people in a postmodern world trying to talk about the connections and emotions under one roof. VARIGHED 60 min. Dørene åbner en time før forestillingen. Kom i god tid og nyd en drink i vores bar.ALDER fra 13 år BILLET Gratis [&hellip;]" />
<meta property="og:url" content="https://dynamoworkspace.dk/en/program/its-winter-the-sky-is-blue/" />
<meta property="og:site_name" content="Dynamo" />
<meta property="article:modified_time" content="2025-04-30T12:44:44+00:00" />
<meta property="og:image" content="https://dynamoworkspace.dk/wp-content/uploads/2022/06/Diagonale-du-Vide--1024x576.png" />
	<meta property="og:image:width" content="1024" />
	<meta property="og:image:height" content="576" />
	<meta property="og:image:type" content="image/png" />
<meta name="twitter:card" content="summary_large_image" />
<script type="application/ld+json" class="yoast-schema-graph">{"@context":"https://schema.org","@graph":[{"@type":"WebPage","@id":"https://dynamoworkspace.dk/en/program/its-winter-the-sky-is-blue/","url":"https://dynamoworkspace.dk/en/program/its-winter-the-sky-is-blue/","name":"It's winter, the sky is blue - Dynamo","isPartOf":{"@id":"https://dynamoworkspace.dk/#website"},"primaryImageOfPage":{"@id":"https://dynamoworkspace.dk/en/program/its-winter-the-sky-is-blue/#primaryimage"},"image":{"@id":"https://dynamoworkspace.dk/en/program/its-winter-the-sky-is-blue/#primaryimage"},"thumbnailUrl":"https://dynamoworkspace.dk/wp-content/uploads/2022/06/Diagonale-du-Vide-.png","datePublished":"2022-06-22T10:53:29+00:00","dateModified":"2025-04-30T12:44:44+00:00","breadcrumb":{"@id":"https://dynamoworkspace.dk/en/program/its-winter-the-sky-is-blue/#breadcrumb"},"inLanguage":"en-US","potentialAction":[{"@type":"ReadAction","target":["https://dynamoworkspace.dk/en/program/its-winter-the-sky-is-blue/"]}]},{"@type":"ImageObject","inLanguage":"en-US","@id":"https://dynamoworkspace.dk/en/program/its-winter-the-sky-is-blue/#primaryimage","url":"https://dynamoworkspace.dk/wp-content/uploads/2022/06/Diagonale-du-Vide-.png","contentUrl":"https://dynamoworkspace.dk/wp-content/uploads/2022/06/Diagonale-du-Vide-.png","width":4096,"height":2304,"caption":"Foto: Samuel Brien"},{"@type":"BreadcrumbList","@id":"https://dynamoworkspace.dk/en/program/its-winter-the-sky-is-blue/#breadcrumb","itemListElement":[{"@type":"ListItem","position":1,"name":"Hjem","item":"https://dynamoworkspace.dk/en/"},{"@type":"ListItem","position":2,"name":"Program","item":"https://dynamoworkspace.dk/program/"},{"@type":"ListItem","position":3,"name":"It&#8217;s winter, the sky is blue"}]},{"@type":"WebSite","@id":"https://dynamoworkspace.dk/#website","url":"https://dynamoworkspace.dk/","name":"Dynamo","description":"Scene og arbejdsrum for cirkus","publisher":{"@id":"https://dynamoworkspace.dk/#organization"},"potentialAction":[{"@type":"SearchAction","target":{"@type":"EntryPoint","urlTemplate":"https://dynamoworkspace.dk/?s={search_term_string}"},"query-input":{"@type":"PropertyValueSpecification","valueRequired":true,"valueName":"search_term_string"}}],"inLanguage":"en-US"},{"@type":"Organization","@id":"https://dynamoworkspace.dk/#organization","name":"Dynamo","url":"https://dynamoworkspace.dk/","logo":{"@type":"ImageObject","inLanguage":"en-US","@id":"https://dynamoworkspace.dk/#/schema/logo/image/","url":"https://dynamoworkspace.dk/wp-content/uploads/2025/04/DYNAMO_LOGO_RGB_SORT.svg","contentUrl":"https://dynamoworkspace.dk/wp-content/uploads/2025/04/DYNAMO_LOGO_RGB_SORT.svg","caption":"Dynamo"},"image":{"@id":"https://dynamoworkspace.dk/#/schema/logo/image/"}}]}</script>
<!-- / Yoast SEO plugin. -->

WORK IN PROGRESS A duet about loss, sensitivity and peaceful grief. A tale of people in a postmodern world trying to talk about the connections and emotions under one roof. VARIGHED 60 min. Dørene åbner en time før forestillingen. Kom i god tid og nyd en drink i vores bar.ALDER fra 13 år BILLET Gratis [&hellip;]
